nder when p is divided by 44.
18
Suppose 242*f - 236*f - 2460 = 0. What is the remainder when f is divided by 59?
56
Let q be (-2)/(-4)*(-126)/(-21). Suppose q*n + 66 = n. Let o = n + 60. Calculate the remainder when o is divided by 14.
13
Calculate the remainder when (1*2)/(7504/1246 + -6) is divided by 44.
1
Let f = 40 - 40. Suppose 15 = -f*o + o. Calculate the remainder when 42 is divided by o.
12
Let c(v) = -v**2 - 8*v - 6. Let l be c(-6). Let y = 22 + l. Let f = 112 + -30. What is the remainder when f is divided by y?
26
Calculate the remainder when 2384 is divided by (308/(-168))/(2/(-12)).
8
Let p be (0 - -4 - 3)*3. Let i = p + 11. What is the remainder when 81 is divided by i?
11
Suppose 2*w - 577 = -229. Suppose -2*m = 14*f - 11*f - 136, -2*m = -4. Calculate the remainder when w is divided by f.
42
What is the remainder when 37 is divided by (-14 + -4)/(-3) + 1?
2
Suppose -5*h + 143 = -327. Suppose -114 = -2*o - 4*o. What is the remainder when h is divided by o?
18
Let f = 762 - 731. What is the remainder when 79 is divided by f?
17
Let q(j) = j**3 + 24*j**2 + 40*j - 64. What is the remainder when 166 is divided by q(-22)?
22
Let i = -25 + 30. Let c(t) be the second derivative of t**3 - t**2/2 + 2*t. What is the remainder when c(i) is divided by 15?
14
Let v = -344 - -380. What is the remainder when v is divided by 2?
0
Suppose 3*v + 5*h = 57, 10*v - 3*h = 8*v + 38. What is the remainder when 264 is divided by v?
17
Suppose -w + 4*x = 6, -x = 3*w + w - 27. Suppose 0*t - 159 = 3*t. Let s = 56 + t. Calculate the remainder when w is divided by s.
0
Let w be 6/12 - 42/(-4). Let s be 175/21 - (-2)/3. Suppose -w*c = -s*c - 58. What is the remainder when c is divided by 16?
13
Suppose 14*g + 132 - 412 = 0. Calculate the remainder when g is divided by 6.
2
Suppose 6*f - 9*f = -33. Let g(n) = -3*n + 27. Let b be g(f). Let v(x) = x**3 + 6*x**2 + 6. What is the remainder when v(b) is divided by 4?
2
What is the remainder when 15 is divided by (45/(-25))/(0 + (-6)/20)?
3
Let h = 9 - 4. Suppose l = -0*l + 3, 3*t + h*l = 78. Suppose v - 12 - t = 0. What is the remainder when v is divided by 17?
16
Let p(t) = -t**3 - 4*t**2 + 7*t + 10. Let b be p(-5). Suppose 0*c + 8 = 2*c. Suppose h = c - b. What is the remainder when 10 is divided by h?
2
Suppose 0 = 11*z - 73 - 4. What is the remainder when 58 is divided by z?
2
Suppose 201*t - 191*t - 390 = 0. What is the remainder when 84 is divided by t?
6
Let s(a) = a**3 - 12*a**2 + 18*a - 67. Calculate the remainder when 298 is divided by s(11).
8
Let m(b) = -b**2 + 8*b - 6. Let l be m(4). Let d(u) = -u**3 + 12*u**2 - 13*u + 9. Calculate the remainder when d(l) is divided by 27.
25
Suppose -2*z = 6 - 24. Let w be 6*42/z - 0. Let g = -16 + w. What is the remainder when g is divided by 7?
5
Let z = -40 + 29. Let f = z + 22. What is the remainder when 20 is divided by f?
9
Suppose 3*f + w = 12, 0*w = -3*w. Suppose x - q - 57 = 0, -f*x + 271 = 5*q + 88. Calculate the remainder when x is divided by ((-27)/4)/(3/(-12)).
25
Let k = -2 - -42. Suppose 13*j = 8*j + k. Calculate the remainder when 22 is divided by j.
6
Let r = -8 + 17. Let o(z) = -3*z + 12. Let a be o(r). Let s = a - -48. Calculate the remainder when s is divided by 18.
15
Suppose 83*a + 30 = 89*a. What is the remainder when 225 + (7 - a) + 1 is divided by 58?
54
Let j(s) = 8*s - s + 2 + 2*s**2 - 3*s. Calculate the remainder when 37 is divided by j(-3).
5
Suppose 0 = -2*u - 2, 6*u - 11*u - 443 = -3*b. What is the remainder when b is divided by 30?
26
Let b be 3*(0 - 1) + (-48)/(-6). Suppose -4*l + b*h + 62 = 0, -3*l + 0*h - h + 56 = 0. What is the remainder when 51 is divided by l?
15
Let t(j) be the third derivative of -j**4/12 - j**3/3 - j**2. What is the remainder when -46*3/(12/(-2)) is divided by t(-7)?
11
Suppose u = -1 + 2, 73 = 2*a + u. Suppose 0*b + 3*b = a. Let j = 26 + 7. Calculate the remainder when j is divided by b.
9
Let q = 15 - -14. Suppose 49 + 755 = 4*j. Suppose -44 = m - 5*r - j, 0 = m - 2*r - 148. Calculate the remainder when m is divided by q.
26
Let r(q) = q**3 + 6*q**2 - 9*q - 6. Let d = 749 + -721. Calculate the remainder when d is divided by r(-7).
4
What is the remainder when 30 is divided by (-7462)/(-451) + 6/(-11)?
14
Let l = 184 + -170. Calculate the remainder when 25 is divided by l.
11
Suppose -4*k = -5*q + 182, 5*q - 6*k - 180 = -k. Suppose -q = -3*n + n. Suppose -28*u + 711 + 482 = -375. Calculate the remainder when u is divided by n.
18
Suppose 5*d - 6 = -4*f + 29, 0 = -4*f - 20. Suppose d = -2*b + 29. Calculate the remainder when (-2 + (-6)/(-4))*-70 is divided by b.
8
Suppose -13*x - 23 = -14*x + 4*f, -3*f = 3*x - 69. What is the remainder when 141 is divided by x?
3
Suppose 101 = 3*i + 5*r, r + 69 - 166 = -3*i. What is the remainder when 97 is divided by i?
1
Let v(z) = 41*z - 2. Let a be v(2). What is the remainder when 24 is divided by a/4 + -2 + -4?
10
Let m = -10 - 8. Let d = 49 + 18. What is the remainder when d is divided by 1 - 0 - (m - -2)?
16
Let x(r) = 2*r**3 + 3*r**2 + 2*r - 5. What is the remainder when 187 is divided by x(2)?
25
Let g(b) = -b**2 + 28*b + 62. What is the remainder when g(28) is divided by 8?
6
Let w be (-1 + 1 + 0)/(-1). Suppose w = -7*f + 17 + 25. Calculate the remainder when 20 is divided by f.
2
Suppose 18*f + 10 = 20*f. Suppose -2*o = f*j + o - 26, 3*j - 4*o = 33. What is the remainder when 11 is divided by j?
4
Let k(r) = 32*r**2 + r + 1. Let f = -8 + 8. Suppose -b + 6 = -3*c, -3*b + c = -f*c - 50. Calculate the remainder when k(-1) is divided by b.
14
Suppose -2*t + 2*s + 43 = -s, 0 = 3*t - 4*s - 63. Suppose t*v - 13*v = 16. What is the remainder when 19 is divided by v?
3
What is the remainder when 4/6 + 17813/141 is divided by 32?
31
Let x(m) = -37*m - 8. Let z(p) = -74*p - 16. Let q(i) = -5*x(i) + 3*z(i). Calculate the remainder when q(-1) is divided by 16.
13
Suppose 4*l + 9 = y - 49, -5*y + 380 = -2*l. Calculate the remainder when y is divided by 16.
14
Calculate the remainder when (-1075)/(-3) - (-12)/(-36)*1 is divided by 92.
82
Suppose -2*a = p - 173, 22*p = 18*p - 12. Calculate the remainder when a is divided by 18.
16
Let s be (-4 - -3)*-3 - 2. Suppose -s = 5*k + 9. Calculate the remainder when (-25)/5*(k - -1) is divided by 2.
1
Let k(o) = o**3 - 8*o**2 - o + 36. Let z(d) = -27*d + 5. What is the remainder when z(-5) is divided by k(0)?
32
Suppose g + 12 = 4*g, 4*u - 720 = -3*g. Calculate the remainder when u is divided by 36.
33
Suppose 3*n - 40 = 92. Let m(x) = 21*x - 14. Let f be m(6). What is the remainder when n is divided by 116/5 - (f/35 - 3)?
21
Suppose -8*f + 801 = f. What is the remainder when f is divided by 13?
11
Suppose -4*c = -23 + 7. Suppose -c*y + 190 = -2*y. Calculate the remainder when y is divided by 8.
7
Suppose 0 = -5*s + o + 37 + 173, -4*s = -2*o - 162. What is the remainder when s is divided by 11?
10
Let t = 4 - 4. Suppose t*k = 3*k - 120. Suppose 5*b - 4*a - 74 = 0, 4*a - 22 = -2*b + 2. Calculate the remainder when k is divided by b.
12
Suppose 1416 = 26*u + 480. Calculate the remainder when 645 is divided by u.
33
Suppose -145*m = -122*m - 598. Calculate the remainder when m is divided by 16.
10
Let o(s) = -13*s - 12. What is the remainder when o(-5) is divided by 7?
4
Suppose 3*p + 1 = -r + 89, r - 118 = -4*p. Let s = p + -23. Calculate the remainder when s is divided by 4.
3
Let g(k) = -4*k**3 + 7*k**2 + 9*k - 16. Let r(f) = 7*f**3 - 15*f**2 - 19*f + 31. Let v(z) = 5*g(z) + 3*r(z). Calculate the remainder when 5 is divided by v(11).
1
Suppose 0 = w + 2*a - 61, 55 = 5*w - 4*w - a. Suppose 2 = u + 5. Let h = 23 + u. What is the remainder when w is divided by h?
17
Let h be (-2 + 10)/(-2 - -4). Suppose -h*r + 19 = -41. Calculate the remainder when 88 is divided by r.
13
Suppose d = -2, -3*s = -4*d - 129 - 68. Calculate the remainder when 313 is divided by s.
61
Let t = 1288 - 934. Calculate the remainder when t is divided by 51.
48
Let o(c) = 931*c + 5. Let r be o(1). Suppose -17*t + 5*t = -r. What is the remainder when t is divided by 16?
14
Let v(k) = 60*k + 119. What is the remainder when v(3) is divided by 15?
14
Suppose -2*w = 3*w - 25. Calculate the remainder when ((-14)/(-10) - 1) + 1088/80 is divided by w.
4
Let y = -193 - -280. W